be d(-3). Suppose -r*m = -12 - n. What is the units digit of m?
2
Let m(a) = 1 - 6 + 2 + 2*a + 2*a + a**2. Let i be m(-5). Let g = i - -11. What is the tens digit of g?
1
What is the units digit of (-1)/(12/6) + 354/4?
8
Let m(a) = 7*a - 2. Let x be m(-8). Let n be x/(-7) + (-6)/21. Let h = n + -3. What is the units digit of h?
5
Suppose -4*i + 42 = -26. What is the units digit of i?
7
Suppose 0 = 3*x - 4*m - 35, 2 = -3*m - 13. Suppose s + s + w - 12 = 0, x*s = w + 16. What is the units digit of s?
4
Let z be 1/(-2*3/36). Let q(o) = -o**3 - 6*o**2 - 3*o - 8. What is the tens digit of q(z)?
1
Let c = 266 - -44. What is the units digit of c?
0
Suppose -y + 3*u - 5*u + 208 = 0, -624 = -3*y + 2*u. What is the hundreds digit of y?
2
Suppose 0 = 8*y - 12*y + 44. Suppose 4*h - 3 = 2*t - y, -4*t + 23 = -h. What is the units digit of t?
6
Let y = -6 + 12. What is the units digit of y?
6
What is the tens digit of -5*3/((-9)/15)?
2
What is the tens digit of (-493)/(-11) + 18/99?
4
Let r(c) = -2*c**3 + 2*c**2 + 2*c - 4. Let u(l) = -10*l**3 + 9*l**2 + 10*l - 21. Let y = 7 + -5. Let h(w) = y*u(w) - 11*r(w). What is the tens digit of h(3)?
1
Let d = 183 - 105. What is the tens digit of d?
7
Let u(q) = 7*q + 10. What is the units digit of u(8)?
6
Let f be (-1)/(1/(-6) + 0). Suppose a - 4*a = -f. What is the units digit of a?
2
Let m = 122 + -73. What is the units digit of m?
9
Let d = -6 + 14. Let o be 4/22 - d/44. Suppose 5*y - 30 + 5 = o. What is the units digit of y?
5
Suppose -5*g = -4*g - 3. Suppose 2*t - g*t + 7 = 0. Suppose -t - 3 = -5*l. What is the units digit of l?
2
Let r = 32 + -2. What is the units digit of r?
0
Let p = -2 - 2. Let m = p + 6. What is the units digit of m?
2
Let h = -29 - -56. What is the units digit of h?
7
Let r be (-11)/(-2)*(0 + 2). Let f(v) = 3*v**2 + v - 2. Let q be f(-2). Let s = r - q. What is the units digit of s?
3
Let x be 0/(3 - 1 - 0). Suppose -1 = -x*n - n. Suppose f - n = 4. What is the units digit of f?
5
Let c(u) = -14*u**3 + u + 1. Let r(j) be the third derivative of -j**6/120 - j**5/12 - j**4/6 - j**3/6 - j**2. Let t be r(-4). What is the units digit of c(t)?
4
Suppose 0 = z + z - 8. Suppose -5*i + 52 = -4*l, z*i + l - 4 = 46. What is the tens digit of i?
1
Let r(q) = q + 9. Let k be r(-7). Suppose -k*f + 33 = f. What is the units digit of f?
1
Let l be -3 - (27/(-3) + 3). Suppose 0 = -5*q + l*d - 4 + 26, 0 = -2*d - 8. What is the units digit of q?
2
Suppose 80 = -4*t - t. Let u = -1 - t. What is the tens digit of u?
1
Suppose 4*k - 8*k + 84 = 0. What is the tens digit of k?
2
Let y = -22 + 31. Let l = y - -2. What is the tens digit of l?
1
Let h = -18 + 51. What is the tens digit of h?
3
Suppose -4*x + 6 = -2*y, 5*y = -4*x + 38 - 11. What is the tens digit of (-16)/(2 + (-9)/y)?
1
Let h(c) = 2*c**2 + 6*c + 1. Suppose 3*g + 15 = -4*x - 1, -2*x + 2 = -g. What is the units digit of h(g)?
9
Let q be (1 + 2 + -2)*-9. Let k(a) = a + 2. Let s be k(-6). Let t = s - q. What is the units digit of t?
5
What is the units digit of -1 + ((123 - 0) + 0 - 3)?
9
Let v = -26 + 114. What is the tens digit of v?
8
What is the units digit of (41 - 2)*(15/9 + -1)?
6
Let i(w) = 3*w - 5. Let r be i(4). Let m(p) = p**3 + 7*p + 3 + 3 - 7*p**2 - p**2. What is the units digit of m(r)?
6
Let z(r) = 3*r + 6. Let i be z(9). Suppose 0*q - i = -3*q. What is the units digit of q?
1
Let l = 8 + -6. Let t be l/2 - (0 - 0). Suppose g = 5*p + 1, -2*g + 2*p - t = -11. What is the units digit of g?
6
Suppose -2*u + 10 = 3*u. Suppose 2*j - 3*f = -27, 8 = u*j + 3*f + f. What is the units digit of j/(2 + 0) + 11?
8
Let g be 6/(-2) - 6/(-2). Let f = 3 - g. Suppose -2*a + 30 = 4*r, 2*r - 10 = a + f*a. What is the units digit of r?
7
Suppose -l + 0*l = -2. Suppose 5*x + 12 = l. What is the tens digit of 12 + (x + 1)/(-1)?
1
Suppose -3 - 12 = -3*t. Suppose -5*j + 0*q = t*q - 30, 4*j - 24 = 3*q. Let h = 5 + j. What is the units digit of h?
1
Suppose 3*a + 5*l = -12, -3*a = -6*a + 2*l + 9. Let x = a + 0. Let w = 6 - x. What is the units digit of w?
5
What is the units digit of (-5070)/(-27) - (-2)/9?
8
What is the units digit of (-4)/(24/46)*(4 + -16)?
2
Let n = 17 - 15. Suppose i = m - 23 - n, -2*m = 5*i - 78. What is the tens digit of m?
2
Let y = -51 - -118. What is the units digit of y?
7
Let m be 5*((-2 - -1) + 2). Let p(y) = -6 + 0*y**2 + 0*y**2 + 8*y - y**2. What is the units digit of p(m)?
9
Let g(q) = -3*q - 7. Let c(j) = j**2 + 6*j + 2. Let z be c(-4). What is the units digit of g(z)?
1
Suppose 3*g = 5*g - 10. Let m(h) = h**3 - 3*h**2 - 6*h - 4. Let w be m(g). Suppose n - w = -n. What is the units digit of n?
8
Let y = 6 - -46. What is the units digit of y?
2
Let a = 12 - 12. Suppose a = y - 12 - 9. What is the tens digit of y?
2
Suppose 4*u + 8 = 0, -5*u + 11 = 5*m - 8*m. Let t(i) = 2*i + 4. Let p be t(3). Let r = m + p. What is the units digit of r?
3
Let b = -36 - -25. Let q = b - -19. What is the units digit of q?
8
Suppose -5*u + n = -62, 14 = u + n - 2. Let i be (-2)/((-12)/7 + 2). Let j = i + u. What is the units digit of j?
6
Suppose -t - 4*t + 275 = 0. What is the units digit of t?
5
Let m be (-6)/(-21) + 19/7. Suppose l + 4*y = 7, 2*y - 7 = -m*l + 4. Suppose -l*q = 2*q - 50. What is the tens digit of q?
1
Let y(u) = -3*u**3 - 3*u**2 + 3*u - 1. Let d(i) = i**3 - i + 1. Let t(b) = 4*d(b) + y(b). What is the tens digit of t(5)?
4
Suppose -5 - 6 = -u - l, 4*l - 8 = 2*u. Let r be (-2 - -12)*8/20. Suppose -j + r*j = u. What is the units digit of j?
2
Let m(n) be the first derivative of -n**4/12 - 5*n**3/3 + 2*n**2 - n - 1. Let p(z) be the first derivative of m(z). What is the tens digit of p(-9)?
1
Let w = 195 + -115. What is the tens digit of w?
8
Suppose -j = -z + 3*j - 1, 5*j + 25 = 5*z. What is the units digit of z?
7
Let t = -105 - -108. Suppose 5*d = -10, -3*d = -2*v - 4*d. What is the tens digit of v/t - (-228)/18?
1
What is the tens digit of (12/2 - 2) + 71?
7
Let m(b) = -b**2 - 4*b - 1. Let l be m(-3). Suppose 5*o + 0*o = x + 41, 0 = l*o + 2*x - 26. Suppose 0 = g - o - 5. What is the units digit of g?
4
Suppose -3*t = -5*d - 21, 3*d = 4*t - 3 - 14. Suppose 0 = v + y - 7, -t*v + y - 39 = -7*v. What is the units digit of v?
8
Let t(n) = -3*n**3 + 3*n**2 - 14*n + 8. Let z(o) = -2*o**3 + 2*o**2 - 9*o + 5. Let b(k) = 5*t(k) - 8*z(k). What is the units digit of b(2)?
8
Let r(j) = j**3 + 2*j**2 + 3*j + 1. Let v be r(-2). Let c = -2 - v. What is the units digit of c?
3
Suppose -q + 3*q - 102 = 5*j, 3*q + 4*j - 153 = 0. What is the units digit of -3 + q + 2/1?
0
Let m = 7 + -15. Let t = m + 15. Let l = 1 + t. What is the units digit of l?
8
Let a(u) = 3*u**2 - 4*u - 2. What is the units digit of a(5)?
3
Let g(n) = n**3 - 2*n**2 + n - 2. Let k be g(2). Let t = -2 + k. What is the units digit of (t + -8)*(-1)/2?
5
Let r(q) = q - 1. Let y(w) = 2. Let d(u) = -3*r(u) - 4*y(u). Let z(k) = -k**3 + k**2 - 4. Let f be z(0). What is the units digit of d(f)?
7
Let m be 16/6 + (-2)/(-6). Let u = m + 0. What is the units digit of u?
3
Suppose 41*m = 38*m + 36. What is the units digit of m?
2
Suppose 4*y = -2 + 30. What is the units digit of y?
7
Let r(f) = f**2 + f. Let u be r(0). Suppose n - 20 - 4 = u. What is the tens digit of n?
2
Suppose 9 = 3*f - 0. Suppose z + f = 5. What is the units digit of 12 + 9/(-5 + z)?
9
What is the units digit of 72 + 3 + (1 - 7)?
9
Let u(y) = y**3 + 10*y**2 + 8*y - 5. Let f be u(-9). Suppose -2*l + r + r = 0, -l - f*r = -10. What is the units digit of l?
2
Let n(g) = 22*g**2 + g + 7. Let b be n(3). What is the units digit of b/6 + 6/(-9)?
4
What is the hundreds digit of 10/55 - (-4350)/33?
1
Suppose 0 = -5*o - 0*o. Suppose 0 = 4*d - o*d. Suppose -5*u + 10 + 5 = d. What is the units digit of u?
3
Let d = 50 + -22. What is the tens digit of d?
2
Let t = -5 + 14. Suppose -5*a + t + 31 = 5*y, 0 = a - 5*y - 32. What is the units digit of a?
2
Suppose -5*i = -4*d - 0*i - 25, -d = -3*i + 1. Let l = d - -15. What is the units digit of l?
5
Let s(m) = -5*m + 30. What is the units digit of s(-9)?
5
Suppose 15 = -2*u + 5*u. Suppose 3*d = u*d - 2. What is the units digit of d?
1
Suppose 0 = -3*w - 4*o + 2*o + 36, 2*o + 24 = 2*w. What is the units digit of w?
2
Let k(s) = 4*s**2 + 6. Let d(t) = t**2. Let j(b) = 5*d(b) - k(b). What i